{"id":5267,"date":"2023-03-12T15:05:26","date_gmt":"2023-03-12T15:05:26","guid":{"rendered":"https:\/\/todosoft.com.uy\/site\/?page_id=5267"},"modified":"2024-08-21T01:01:08","modified_gmt":"2024-08-21T01:01:08","slug":"software-control-horarios","status":"publish","type":"page","link":"https:\/\/todosoft.com.uy\/site\/control-horario\/software-control-horarios\/","title":{"rendered":"Software de Control de Horarios"},"content":{"rendered":"<div class=\"wpb-content-wrapper\">[vc_row full_width=\u00bbstretch_row_content_no_spaces\u00bb bg_cws_repeat=\u00bbno-repeat\u00bb bg_cws_size=\u00bbcontain\u00bb bg_image_position=\u00bbcenter_bottom\u00bb css=\u00bb.vc_custom_1717265547803{margin-top: -120px !important;background-color: #ffffff !important;}\u00bb][vc_column][vc_single_image image=\u00bb6477&#8243; img_size=\u00bbfull\u00bb css=\u00bb.vc_custom_1720230059542{margin-top: -50px !important;}\u00bb][\/vc_column][\/vc_row][vc_row full_width=\u00bbstretch_row\u00bb content_placement=\u00bbmiddle\u00bb bg_cws_repeat=\u00bbno-repeat\u00bb bg_cws_size=\u00bbcontain\u00bb bg_image_position=\u00bbcenter_bottom\u00bb css=\u00bb.vc_custom_1717265500016{margin-top: -75px !important;background-color: #f4f4f5 !important;}\u00bb][vc_column][vc_column_text css=\u00bb.vc_custom_1720229737925{padding-top: 30px !important;background-position: center !important;background-repeat: no-repeat !important;background-size: cover !important;}\u00bb]\n<h3 class=\"widgettitle\" style=\"font-size: 40px; line-height: 0.8em; font-weight: 900; text-align: center;\"><span style=\"color: #656564;\"><img loading=\"lazy\" decoding=\"async\" class=\"alignnone wp-image-5989\" src=\"https:\/\/todosoft.com.uy\/site\/wp-content\/uploads\/2024\/05\/check-titulo.png\" alt=\"\" width=\"43\" height=\"29\" \/>\u00a0 SOFTWARE <span style=\"color: #3089bf;\">TS-IDENTIX HORARIO<\/span><\/span><\/h3>\n[\/vc_column_text][vc_row_inner][vc_column_inner][vc_column_text css=\u00bb.vc_custom_1720229789645{margin-top: 40px !important;}\u00bb]\n<p style=\"font-size: 26px; line-height: 1.4em;\"><strong>Nuestro software TS-Identix Horario permite gestionar toda la informaci\u00f3n de las<\/strong><br \/>\n<strong>marcas de sus funcionarios<\/strong>, minimizando errores y mejorando la eficiencia operativa. <strong>Transforme el uso del tiempo y los recursos en su empresa<\/strong>, impulsando su rendimiento de manera significativa.<\/p>\n[\/vc_column_text][\/vc_column_inner][\/vc_row_inner][vc_row_inner][vc_column_inner width=\u00bb1\/6&#8243;][vc_single_image image=\u00bb6484&#8243; img_size=\u00bb100*100&#8243; alignment=\u00bbcenter\u00bb][vc_column_text]\n<p style=\"text-align: center; font-size: 16px; line-height: 1.2em;\"><span style=\"color: #303030;\"><strong style=\"font-size: 18px; line-height: 1.0em;\">AUMENTO DE<br \/>\nPRODUCTIVIDAD<\/strong><\/span><\/p>\n[\/vc_column_text][\/vc_column_inner][vc_column_inner width=\u00bb1\/6&#8243;][vc_single_image image=\u00bb6481&#8243; img_size=\u00bb100*100&#8243; alignment=\u00bbcenter\u00bb][vc_column_text]\n<p style=\"text-align: center; font-size: 16px; line-height: 1.2em;\"><span style=\"color: #303030;\"><strong style=\"font-size: 18px; line-height: 1.0em;\">TRANSPARENCIA<br \/>\nDE LA<br \/>\nINFORMACI\u00d3N<br \/>\nPARA AMBAS<br \/>\nPARTES<\/strong><\/span><\/p>\n[\/vc_column_text][\/vc_column_inner][vc_column_inner width=\u00bb1\/6&#8243;][vc_single_image image=\u00bb6483&#8243; img_size=\u00bb100*100&#8243; alignment=\u00bbcenter\u00bb][vc_column_text]\n<p style=\"text-align: center; font-size: 16px; line-height: 1.2em;\"><span style=\"color: #303030;\"><strong style=\"font-size: 18px; line-height: 1.0em;\">INTEGRACI\u00d3N<br \/>\nCON M\u00d3DULO<br \/>\nACCESO\/VISITANTES<br \/>\nY SOFTWARE DE<br \/>\nLIQUIDACI\u00d3N DE<br \/>\nSUELDOS<\/strong><\/span><\/p>\n[\/vc_column_text][\/vc_column_inner][vc_column_inner width=\u00bb1\/6&#8243;][vc_single_image image=\u00bb6480&#8243; img_size=\u00bb100*100&#8243; alignment=\u00bbcenter\u00bb][vc_column_text]\n<p style=\"text-align: center; font-size: 16px; line-height: 1.2em;\"><span style=\"color: #303030;\"><strong style=\"font-size: 18px; line-height: 1.0em;\">INTERFAZ WEB<br \/>\nAMIGABLE<\/strong><\/span><\/p>\n[\/vc_column_text][\/vc_column_inner][vc_column_inner width=\u00bb1\/6&#8243;][vc_single_image image=\u00bb6482&#8243; img_size=\u00bb100*100&#8243; alignment=\u00bbcenter\u00bb][vc_column_text]\n<p style=\"text-align: center; font-size: 16px; line-height: 1.2em;\"><span style=\"color: #303030;\"><strong style=\"font-size: 18px; line-height: 1.0em;\">R\u00c1PIDA<br \/>\nIMPLEMENTACI\u00d3N<\/strong><\/span><\/p>\n[\/vc_column_text][\/vc_column_inner][vc_column_inner width=\u00bb1\/6&#8243;][vc_single_image image=\u00bb6479&#8243; img_size=\u00bb100*100&#8243; alignment=\u00bbcenter\u00bb][vc_column_text]\n<p style=\"text-align: center; font-size: 16px; line-height: 1.2em;\"><span style=\"color: #303030;\"><strong style=\"font-size: 18px; line-height: 1.0em;\">GRAN N\u00daMERO<br \/>\nDE REPORTES<br \/>\nEXPORTABLES<\/strong><\/span><\/p>\n[\/vc_column_text][\/vc_column_inner][\/vc_row_inner][\/vc_column][\/vc_row][vc_row full_width=\u00bbstretch_row_content\u00bb bg_cws_repeat=\u00bbno-repeat\u00bb bg_cws_size=\u00bbcontain\u00bb bg_image_position=\u00bbcenter_bottom\u00bb css=\u00bb.vc_custom_1717266773425{margin-top: -50px !important;padding-bottom: 20px !important;background-image: url(https:\/\/todosoft.com.uy\/site\/wp-content\/uploads\/2024\/05\/fondo-ondas-gris-claro-bottom.png?id=5993) !important;background-position: center !important;background-repeat: no-repeat !important;background-size: cover !important;}\u00bb][vc_column width=\u00bb1\/4&#8243;][\/vc_column][vc_column width=\u00bb3\/4&#8243; css=\u00bb.vc_custom_1717162872950{padding-bottom: 180px !important;}\u00bb][\/vc_column][\/vc_row][vc_row full_width=\u00bbstretch_row\u00bb bg_cws_size=\u00bbcontain\u00bb bg_image_position=\u00bbcenter_top\u00bb][vc_column width=\u00bb1\/2&#8243;][vc_column_text]\n<p style=\"font-size: 18px; line-height: 1.4em;\"><strong style=\"font-size: 30px; line-height: 1.64em;\"><span style=\"color: #05639d;\">PRINCIPALES FUNCIONALIDADES:<\/span><br \/>\n<\/strong><\/p>\n<ul>\n<li><b>Administraci\u00f3n de Funcionarios:<\/b><span style=\"font-weight: 400;\"> Permite realizar la gesti\u00f3n de hasta 2000 funcionarios.<\/span><\/li>\n<li><b>Administraci\u00f3n de Tipos de Marcas:<\/b><span style=\"font-weight: 400;\"> Permite ingresar la codificaci\u00f3n y la descripci\u00f3n del tipo de marca, es decir: Entrada, Salida, Salida Intermedia, Entrada Intermedia, etc.<\/span><\/li>\n<li><b>Enrolamiento de Usuarios:<\/b><span style=\"font-weight: 400;\"> Contempla un m\u00f3dulo de enrolamiento de huellas de los usuarios el cual permite tomar las mismas. Dicho m\u00f3dulo se conecta a un lector de enrolamiento USB o a un lector de Huellas.<\/span><\/li>\n<li><b>Gesti\u00f3n del Presentismo del Personal:<\/b><span style=\"font-weight: 400;\"> Permite tres tipos de horarios: por turnos de horarios fijos, por promedio de horas y por horario variable. Adem\u00e1s se puede asignar horarios de forma flexible y cambios de horario temporales de forma r\u00e1pida<\/span><\/li>\n<li style=\"list-style-type: none;\"><\/li>\n<li style=\"font-weight: 400;\" aria-level=\"1\"><b>Seguridad:<\/b><span style=\"font-weight: 400;\"> Controla el acceso del operador a las diferentes secciones del sistema. Asignando diferentes niveles de acceso.<\/span><\/li>\n<li style=\"font-weight: 400;\" aria-level=\"1\"><b>Administraci\u00f3n de Relojes:<\/b><span style=\"font-weight: 400;\"> Permite la administraci\u00f3n de los relojes tanto de huella dactilar como de tarjeta de proximidad. A su vez, se contempla toda la carga y descarga de informaci\u00f3n desde y hacia los lectores, como la sincronizaci\u00f3n de horario y borrado de informaci\u00f3n.<\/span><\/li>\n<li style=\"font-weight: 400;\" aria-level=\"1\"><b>Administraci\u00f3n de Relojes:<\/b><span style=\"font-weight: 400;\"> Permite la administraci\u00f3n de los relojes tanto de huella dactilar como de tarjeta de proximidad. A su vez, se contempla toda la carga y descarga de informaci\u00f3n desde y hacia los lectores, como la sincronizaci\u00f3n de horario y borrado de informaci\u00f3n.<\/span><\/li>\n<li style=\"font-weight: 400;\" aria-level=\"1\"><b>Conexi\u00f3n con diferentes dispositivos:<\/b><span style=\"font-weight: 400;\"> Permite trabajar simult\u00e1neamente con diferentes equipos, sin importar el medio de comunicaci\u00f3n.<\/span><\/li>\n<li style=\"font-weight: 400;\" aria-level=\"1\"><b>D\u00edas festivos:<\/b><span style=\"font-weight: 400;\"> Contempla la asignaci\u00f3n de d\u00edas festivos.<\/span><\/li>\n<li style=\"font-weight: 400;\" aria-level=\"1\"><b>Mensajer\u00eda:<\/b><span style=\"font-weight: 400;\"> Posibilidad de env\u00edo de mensajes; ya sea personal, grupal o a la totalidad de los empleados, a trav\u00e9s de las pantallas LCD de los lectores. De esta manera el funcionario leer\u00e1 el mensaje al momento de realizar la marca en el reloj.<\/span><\/li>\n<li style=\"font-weight: 400;\" aria-level=\"1\"><b>Omisi\u00f3n de Marcado: <\/b><span style=\"font-weight: 400;\">Es posible realizar el ingreso de marcas manuales en caso de que el empleado se olvide de marcar. Quedando registrado qui\u00e9n fue el usuario que realiz\u00f3 dicha operaci\u00f3n.<\/span><\/li>\n<\/ul>\n[\/vc_column_text][\/vc_column][vc_column width=\u00bb1\/2&#8243;][vc_images_carousel images=\u00bb6488,6489,6490,6491,6492,6493,6494,6495&#8243; img_size=\u00bbfull\u00bb][\/vc_column][\/vc_row][vc_row bg_cws_repeat=\u00bbno-repeat\u00bb bg_cws_size=\u00bbcover\u00bb bg_image_position=\u00bbcenter_center\u00bb css=\u00bb.vc_custom_1717259956396{padding-bottom: 50px !important;}\u00bb][vc_column width=\u00bb1\/4&#8243;][\/vc_column][vc_column width=\u00bb1\/2&#8243;]<div data-style='&quot;#ingenious_button_69f4825eeb25f{\\n\\t\\t\\tcolor: #ffffff;\\n\\t\\t\\tbackground-color: #de813b;\\n\\t\\t\\tborder-color: rgba(0,157,230,0.01);\\n\\t\\t}#ingenious_button_69f4825eeb25f &gt; i{\\n\\t\\t\\tcolor: #ffffff;\\n\\t\\t}#ingenious_button_69f4825eeb25f.ingenious_button.swipe_left:before,\\n\\t\\t\\t#ingenious_button_69f4825eeb25f.ingenious_button.swipe_right:before,\\n\\t\\t\\t#ingenious_button_69f4825eeb25f.ingenious_button.swipe_top:before,\\n\\t\\t\\t#ingenious_button_69f4825eeb25f.ingenious_button.swipe_bot:before,\\t\\n\\t\\t\\t#ingenious_button_69f4825eeb25f.ingenious_button.smoosh:before,\\t\\t\\n\\t\\t\\t#ingenious_button_69f4825eeb25f.ingenious_button.smoosh:after,\\t\\n\\t\\t\\t#ingenious_button_69f4825eeb25f.ingenious_button.collision:before,\\t\\t\\n\\t\\t\\t#ingenious_button_69f4825eeb25f.ingenious_button.collision:after,\\t\\t\\n\\t\\t\\t#ingenious_button_69f4825eeb25f.ingenious_button.pos_aware span{background-color: #de813b;}#ingenious_button_69f4825eeb25f.ingenious_button.swipe_diagonal:before{border-bottom-color: rgba(0,157,230,0.01);}#ingenious_button_69f4825eeb25f.ingenious_button.close_diagonal:before,\\n\\t\\t\\t#ingenious_button_69f4825eeb25f.ingenious_button.close_diagonal:after{border-bottom-color: rgba(0,157,230,0.01);border-top-color: rgba(0,157,230,0.01);}#ingenious_button_69f4825eeb25f.ingenious_button.slice:before{border-left-color: rgba(0,157,230,0.01);}#ingenious_button_69f4825eeb25f.ingenious_button.slice:after{border-right-color: rgba(0,157,230,0.01);}#ingenious_button_69f4825eeb25f.ingenious_button.shadow{box-shadow: 0 0 40px 40px #de813b inset, 0 0 0 0 #de813b;}#ingenious_button_69f4825eeb25f.ingenious_button.shadow_alt{box-shadow: 0 0 10px 0 #de813b inset, 0 0 10px 4px #de813b;}#ingenious_button_69f4825eeb25f:not(.none_anim):hover{\\n\\t\\t\\tcolor: #de813b;\\n\\t\\t\\tbackground-color: #ffffff;\\n\\t\\t\\tborder-color: #de813b;\\t\\n\\t\\t}#ingenious_button_69f4825eeb25f:hover &gt; i{\\n\\t\\t\\tcolor: #de813b;\\n\\t\\t}#ingenious_button_69f4825eeb25f.ingenious_button.shadow:hover{box-shadow: 0 0 10px 0 #ffffff inset, 0 0 10px 4px #ffffff;}#ingenious_button_69f4825eeb25f.ingenious_button.shadow_alt:hover{box-shadow: 0 0 40px 40px #ffffff inset, 0 0 10px 4px #ffffff;}&quot;' class='ingenious_button_wrapper render_styles aligncenter'><a href='mailto:comercial@todosoft.com.uy' id='ingenious_button_69f4825eeb25f' class='ingenious_button large def_anim font-size: 24px;'>SOLICITAR ASESORAMIENTO&#x20;<i class='far fa-hand-pointer'><\/i><\/a><\/div>[\/vc_column][vc_column width=\u00bb1\/4&#8243;][\/vc_column][\/vc_row][vc_row full_width=\u00bbstretch_row_content\u00bb bg_cws_repeat=\u00bbno-repeat\u00bb bg_cws_size=\u00bbcontain\u00bb bg_image_position=\u00bbcenter_bottom\u00bb css=\u00bb.vc_custom_1724202066714{padding-top: 20px !important;background-image: url(https:\/\/todosoft.com.uy\/site\/wp-content\/uploads\/2024\/08\/fondo-ondas-gris-top-v2.png?id=7335) !important;}\u00bb][vc_column width=\u00bb1\/4&#8243;][\/vc_column][vc_column width=\u00bb3\/4&#8243; css=\u00bb.vc_custom_1717162872950{padding-bottom: 180px !important;}\u00bb][\/vc_column][\/vc_row][vc_row full_width=\u00bbstretch_row\u00bb content_placement=\u00bbmiddle\u00bb bg_cws_repeat=\u00bbno-repeat\u00bb bg_cws_size=\u00bbcontain\u00bb bg_image_position=\u00bbcenter_bottom\u00bb css=\u00bb.vc_custom_1724073479418{margin-top: -100px !important;margin-bottom: -50px !important;padding-bottom: 100px !important;background-color: #f4f4f5 !important;}\u00bb][vc_column][vc_column_text css=\u00bb.vc_custom_1717263220266{padding-top: 50px !important;background-position: center !important;background-repeat: no-repeat !important;background-size: cover !important;}\u00bb]\n<h3 class=\"widgettitle\" style=\"font-size: 40px; line-height: 0.8em; font-weight: 900; text-align: center;\"><span style=\"color: #656564;\">CONOZCA ALGUNOS DE <span style=\"color: #05639d;\">NUESTROS CASOS DE \u00c9XITO<\/span><\/span><\/h3>\n[\/vc_column_text][vc_row_inner][vc_column_inner width=\u00bb1\/4&#8243;][vc_single_image image=\u00bb5677&#8243; img_size=\u00bbfull\u00bb alignment=\u00bbcenter\u00bb style=\u00bbvc_box_border\u00bb border_color=\u00bborange\u00bb onclick=\u00bbcustom_link\u00bb img_link_target=\u00bb_blank\u00bb css=\u00bb\u00bb link=\u00bbhttps:\/\/todosoft.com.uy\/site\/upm-urudata-casos-de-exito\/\u00bb][\/vc_column_inner][vc_column_inner width=\u00bb1\/4&#8243;][vc_single_image image=\u00bb5676&#8243; img_size=\u00bbfull\u00bb alignment=\u00bbcenter\u00bb style=\u00bbvc_box_border\u00bb border_color=\u00bborange\u00bb onclick=\u00bbcustom_link\u00bb img_link_target=\u00bb_blank\u00bb css=\u00bb\u00bb link=\u00bbhttps:\/\/todosoft.com.uy\/site\/sanatorio-mautone-casos-de-exito\/\u00bb][\/vc_column_inner][vc_column_inner width=\u00bb1\/4&#8243;][vc_single_image image=\u00bb4795&#8243; img_size=\u00bbfull\u00bb alignment=\u00bbcenter\u00bb style=\u00bbvc_box_border\u00bb border_color=\u00bborange\u00bb onclick=\u00bbcustom_link\u00bb img_link_target=\u00bb_blank\u00bb css=\u00bb\u00bb link=\u00bbhttps:\/\/todosoft.com.uy\/site\/granjas-del-uruguay-casos-de-exito\/\u00bb][\/vc_column_inner][vc_column_inner width=\u00bb1\/4&#8243;][vc_single_image image=\u00bb5673&#8243; img_size=\u00bbfull\u00bb alignment=\u00bbcenter\u00bb style=\u00bbvc_box_border\u00bb border_color=\u00bborange\u00bb onclick=\u00bbcustom_link\u00bb img_link_target=\u00bb_blank\u00bb css=\u00bb\u00bb link=\u00bbhttps:\/\/todosoft.com.uy\/site\/antel-casos-de-exito\/\u00bb][\/vc_column_inner][\/vc_row_inner][vc_row_inner css=\u00bb.vc_custom_1722341562544{margin-top: -30px !important;}\u00bb][vc_column_inner width=\u00bb1\/4&#8243;][vc_single_image image=\u00bb7202&#8243; img_size=\u00bbfull\u00bb alignment=\u00bbcenter\u00bb style=\u00bbvc_box_border\u00bb border_color=\u00bborange\u00bb onclick=\u00bbcustom_link\u00bb img_link_target=\u00bb_blank\u00bb css=\u00bb\u00bb link=\u00bbhttps:\/\/todosoft.com.uy\/site\/upm-casos-de-exito\/\u00bb][\/vc_column_inner][vc_column_inner width=\u00bb1\/4&#8243;][vc_single_image image=\u00bb5674&#8243; img_size=\u00bbfull\u00bb alignment=\u00bbcenter\u00bb style=\u00bbvc_box_border\u00bb border_color=\u00bborange\u00bb onclick=\u00bbcustom_link\u00bb img_link_target=\u00bb_blank\u00bb css=\u00bb\u00bb link=\u00bbhttps:\/\/todosoft.com.uy\/site\/intendencia-de-montevideo-casos-de-exito\/\u00bb][\/vc_column_inner][vc_column_inner width=\u00bb1\/4&#8243;][vc_single_image image=\u00bb4791&#8243; img_size=\u00bbfull\u00bb alignment=\u00bbcenter\u00bb style=\u00bbvc_box_border\u00bb border_color=\u00bborange\u00bb onclick=\u00bbcustom_link\u00bb img_link_target=\u00bb_blank\u00bb css=\u00bb\u00bb link=\u00bb#\u00bb][\/vc_column_inner][vc_column_inner width=\u00bb1\/4&#8243;][vc_single_image image=\u00bb5675&#8243; img_size=\u00bbfull\u00bb alignment=\u00bbcenter\u00bb style=\u00bbvc_box_border\u00bb border_color=\u00bborange\u00bb onclick=\u00bbcustom_link\u00bb img_link_target=\u00bb_blank\u00bb css=\u00bb\u00bb link=\u00bbhttps:\/\/todosoft.com.uy\/site\/macromercado-casos-de-exito\/\u00bb][\/vc_column_inner][\/vc_row_inner][\/vc_column][\/vc_row]\n<\/div>","protected":false},"excerpt":{"rendered":"<p>[vc_row full_width=\u00bbstretch_row_content_no_spaces\u00bb bg_cws_repeat=\u00bbno-repeat\u00bb bg_cws_size=\u00bbcontain\u00bb bg_image_position=\u00bbcenter_bottom\u00bb css=\u00bb.vc_custom_1717265547803{margin-top: -120px !important;background-color: #ffffff !important;}\u00bb][vc_column][vc_single_image image=\u00bb6477&#8243; img_size=\u00bbfull\u00bb css=\u00bb.vc_custom_1720230059542{margin-top: -50px !important;}\u00bb][\/vc_column][\/vc_row][vc_row full_width=\u00bbstretch_row\u00bb content_placement=\u00bbmiddle\u00bb bg_cws_repeat=\u00bbno-repeat\u00bb bg_cws_size=\u00bbcontain\u00bb bg_image_position=\u00bbcenter_bottom\u00bb css=\u00bb.vc_custom_1717265500016{margin-top: -75px !important;background-color: #f4f4f5 !important;}\u00bb][vc_column][vc_column_text css=\u00bb.vc_custom_1720229737925{padding-top: 30px !important;background-position: center !important;background-repeat: no-repeat !important;background-size: cover !important;}\u00bb] \u00a0 SOFTWARE TS-IDENTIX HORARIO [\/vc_column_text][vc_row_inner][vc_column_inner][vc_column_text css=\u00bb.vc_custom_1720229789645{margin-top: 40px !important;}\u00bb] Nuestro software TS-Identix Horario permite gestionar toda la informaci\u00f3n de las marcas de [&hellip;]<\/p>\n","protected":false},"author":1,"featured_media":0,"parent":5241,"menu_order":0,"comment_status":"closed","ping_status":"closed","template":"","meta":{"footnotes":""},"class_list":["post-5267","page","type-page","status-publish","hentry"],"_links":{"self":[{"href":"https:\/\/todosoft.com.uy\/site\/wp-json\/wp\/v2\/pages\/5267","targetHints":{"allow":["GET"]}}],"collection":[{"href":"https:\/\/todosoft.com.uy\/site\/wp-json\/wp\/v2\/pages"}],"about":[{"href":"https:\/\/todosoft.com.uy\/site\/wp-json\/wp\/v2\/types\/page"}],"author":[{"embeddable":true,"href":"https:\/\/todosoft.com.uy\/site\/wp-json\/wp\/v2\/users\/1"}],"replies":[{"embeddable":true,"href":"https:\/\/todosoft.com.uy\/site\/wp-json\/wp\/v2\/comments?post=5267"}],"version-history":[{"count":75,"href":"https:\/\/todosoft.com.uy\/site\/wp-json\/wp\/v2\/pages\/5267\/revisions"}],"predecessor-version":[{"id":5277,"href":"https:\/\/todosoft.com.uy\/site\/wp-json\/wp\/v2\/pages\/5267\/revisions\/5277"}],"up":[{"embeddable":true,"href":"https:\/\/todosoft.com.uy\/site\/wp-json\/wp\/v2\/pages\/5241"}],"wp:attachment":[{"href":"https:\/\/todosoft.com.uy\/site\/wp-json\/wp\/v2\/media?parent=5267"}],"curies":[{"name":"wp","href":"https:\/\/api.w.org\/{rel}","templated":true}]}}