{"id":7197,"date":"2024-07-30T12:45:10","date_gmt":"2024-07-30T12:45:10","guid":{"rendered":"https:\/\/todosoft.com.uy\/site\/?page_id=7197"},"modified":"2024-08-21T00:48:28","modified_gmt":"2024-08-21T00:48:28","slug":"upm-urudata-casos-de-exito","status":"publish","type":"page","link":"https:\/\/todosoft.com.uy\/site\/upm-urudata-casos-de-exito\/","title":{"rendered":"UPM URUDATA &#8211; Casos de \u00c9xito"},"content":{"rendered":"<div class=\"wpb-content-wrapper\">[vc_row full_width=\u00bbstretch_row\u00bb content_placement=\u00bbmiddle\u00bb bg_cws_repeat=\u00bbno-repeat\u00bb bg_cws_size=\u00bbcontain\u00bb bg_image_position=\u00bbcenter_bottom\u00bb][vc_column][vc_row_inner][vc_column_inner][vc_column_text css=\u00bb.vc_custom_1722343210891{margin-top: 40px !important;}\u00bb]\n<p style=\"font-size: 26px; line-height: 1.4em;\"><strong>UPM revoluciona el control de mercader\u00eda y transporte implementando nuestra soluci\u00f3n de<br \/>\ntecnolog\u00eda de RFID para la automatizaci\u00f3n de procesos.<\/strong><\/p>\n[\/vc_column_text][\/vc_column_inner][\/vc_row_inner][vc_video link=\u00bbhttps:\/\/youtu.be\/WQG6NYsOmnY\u00bb css=\u00bb\u00bb][\/vc_column][\/vc_row][vc_row bg_cws_size=\u00bbcontain\u00bb bg_image_position=\u00bbcenter_top\u00bb][vc_column][vc_column_text css=\u00bb\u00bb]\n<p style=\"font-size: 20px; line-height: 1.4em;\"><strong style=\"font-size: 24px; line-height: 1.64em;\"><span style=\"color: #05639d;\">EMPRESA<\/span><br \/>\n<\/strong><\/p>\n<p><strong>UPM, <\/strong>la destacada empresa finlandesa especializada en la fabricaci\u00f3n de pulpa de celulosa, papel y madera, con importantes instalaciones en Fray Bentos, Paso de los Toros y Montevideo, enfrent\u00f3 el desaf\u00edo de optimizar la identificaci\u00f3n de trenes y camiones.<\/p>\n<p style=\"font-size: 20px; line-height: 1.4em;\"><strong style=\"font-size: 24px; line-height: 1.64em;\"><span style=\"color: #05639d;\">OBJETIVOS<\/span><br \/>\n<\/strong><\/p>\n<p><strong>El objetivo<\/strong> principal era automatizar los controles de ingreso, para lo cual se implementaron portales de RFID capaces de leer tanto los camiones con sus acoplados que transportan madera, como los trenes que llevar\u00e1n celulosa y qu\u00edmicos entre el deposito ubicado en el puerto de Montevideo y la nueva planta en Paso de los Toros.<\/p>\n<p style=\"font-size: 20px; line-height: 1.4em;\"><strong style=\"font-size: 24px; line-height: 1.64em;\"><span style=\"color: #05639d;\">SOLUCI\u00d3N<\/span><br \/>\n<\/strong><\/p>\n<p><strong>Todosoft comercializ\u00f3 junto a Urudata<\/strong>, un sistema para identificar con tecnolog\u00eda de RFID a camiones con sus acoplados, trenes y vagones. Adem\u00e1s, de la identificaci\u00f3n de los mismos, se instal\u00f3 un sistema de t\u00f3tems de autogesti\u00f3n que permite a los choferes interactuar con el software desarrollado por la empresa Urudata, agilizando el proceso de manera desatendida.<\/p>\n<p>Por \u00faltimo, se instalaron displays exteriores por donde se brindan las indicaciones que deben realizar los choferes a la hora de ingresar a las plantas.<\/p>\n<p style=\"font-size: 20px; line-height: 1.4em;\"><strong style=\"font-size: 24px; line-height: 1.64em;\"><span style=\"color: #05639d;\">RESULTADO<\/span><br \/>\n<\/strong><\/p>\n<p><strong>El resultado<\/strong> fue una notable automatizaci\u00f3n y eficiencia en el proceso de ingreso a las distintas plantas y dep\u00f3sito en Montevideo.[\/vc_column_text][\/vc_column][\/vc_row][vc_row][vc_column width=\u00bb1\/4&#8243;][vc_single_image image=\u00bb7205&#8243; img_size=\u00bbfull\u00bb alignment=\u00bbcenter\u00bb onclick=\u00bblink_image\u00bb css=\u00bb\u00bb][\/vc_column][vc_column width=\u00bb1\/4&#8243;][vc_single_image image=\u00bb7206&#8243; img_size=\u00bbfull\u00bb alignment=\u00bbcenter\u00bb onclick=\u00bblink_image\u00bb css=\u00bb\u00bb][\/vc_column][vc_column width=\u00bb1\/4&#8243;][vc_single_image image=\u00bb7208&#8243; img_size=\u00bbfull\u00bb alignment=\u00bbcenter\u00bb onclick=\u00bblink_image\u00bb css=\u00bb\u00bb][\/vc_column][vc_column width=\u00bb1\/4&#8243;][vc_single_image image=\u00bb7209&#8243; img_size=\u00bbfull\u00bb alignment=\u00bbcenter\u00bb onclick=\u00bblink_image\u00bb css=\u00bb\u00bb][\/vc_column][\/vc_row][vc_row css=\u00bb.vc_custom_1722345010512{margin-top: -30px !important;}\u00bb][vc_column width=\u00bb1\/4&#8243;][vc_single_image image=\u00bb7210&#8243; img_size=\u00bbfull\u00bb alignment=\u00bbcenter\u00bb onclick=\u00bblink_image\u00bb css=\u00bb\u00bb][\/vc_column][vc_column width=\u00bb1\/4&#8243;][vc_single_image image=\u00bb7211&#8243; img_size=\u00bbfull\u00bb alignment=\u00bbcenter\u00bb onclick=\u00bblink_image\u00bb css=\u00bb\u00bb][\/vc_column][vc_column width=\u00bb1\/4&#8243;][vc_single_image image=\u00bb7212&#8243; img_size=\u00bbfull\u00bb alignment=\u00bbcenter\u00bb onclick=\u00bblink_image\u00bb css=\u00bb\u00bb][\/vc_column][vc_column width=\u00bb1\/4&#8243;][vc_single_image image=\u00bb7213&#8243; img_size=\u00bbfull\u00bb alignment=\u00bbcenter\u00bb onclick=\u00bblink_image\u00bb css=\u00bb\u00bb][\/vc_column][\/vc_row][vc_row bg_cws_repeat=\u00bbno-repeat\u00bb bg_cws_size=\u00bbcover\u00bb bg_image_position=\u00bbcenter_center\u00bb css=\u00bb.vc_custom_1722345269634{padding-bottom: 10px !important;}\u00bb][vc_column width=\u00bb1\/4&#8243;][\/vc_column][vc_column width=\u00bb1\/2&#8243;]<div data-style='&quot;#ingenious_button_69f4825e701e8{\\n\\t\\t\\tcolor: #ffffff;\\n\\t\\t\\tbackground-color: #de813b;\\n\\t\\t\\tborder-color: rgba(0,157,230,0.01);\\n\\t\\t}#ingenious_button_69f4825e701e8 &gt; i{\\n\\t\\t\\tcolor: #ffffff;\\n\\t\\t}#ingenious_button_69f4825e701e8.ingenious_button.swipe_left:before,\\n\\t\\t\\t#ingenious_button_69f4825e701e8.ingenious_button.swipe_right:before,\\n\\t\\t\\t#ingenious_button_69f4825e701e8.ingenious_button.swipe_top:before,\\n\\t\\t\\t#ingenious_button_69f4825e701e8.ingenious_button.swipe_bot:before,\\t\\n\\t\\t\\t#ingenious_button_69f4825e701e8.ingenious_button.smoosh:before,\\t\\t\\n\\t\\t\\t#ingenious_button_69f4825e701e8.ingenious_button.smoosh:after,\\t\\n\\t\\t\\t#ingenious_button_69f4825e701e8.ingenious_button.collision:before,\\t\\t\\n\\t\\t\\t#ingenious_button_69f4825e701e8.ingenious_button.collision:after,\\t\\t\\n\\t\\t\\t#ingenious_button_69f4825e701e8.ingenious_button.pos_aware span{background-color: #de813b;}#ingenious_button_69f4825e701e8.ingenious_button.swipe_diagonal:before{border-bottom-color: rgba(0,157,230,0.01);}#ingenious_button_69f4825e701e8.ingenious_button.close_diagonal:before,\\n\\t\\t\\t#ingenious_button_69f4825e701e8.ingenious_button.close_diagonal:after{border-bottom-color: rgba(0,157,230,0.01);border-top-color: rgba(0,157,230,0.01);}#ingenious_button_69f4825e701e8.ingenious_button.slice:before{border-left-color: rgba(0,157,230,0.01);}#ingenious_button_69f4825e701e8.ingenious_button.slice:after{border-right-color: rgba(0,157,230,0.01);}#ingenious_button_69f4825e701e8.ingenious_button.shadow{box-shadow: 0 0 40px 40px #de813b inset, 0 0 0 0 #de813b;}#ingenious_button_69f4825e701e8.ingenious_button.shadow_alt{box-shadow: 0 0 10px 0 #de813b inset, 0 0 10px 4px #de813b;}#ingenious_button_69f4825e701e8:not(.none_anim):hover{\\n\\t\\t\\tcolor: #de813b;\\n\\t\\t\\tbackground-color: #ffffff;\\n\\t\\t\\tborder-color: #de813b;\\t\\n\\t\\t}#ingenious_button_69f4825e701e8:hover &gt; i{\\n\\t\\t\\tcolor: #de813b;\\n\\t\\t}#ingenious_button_69f4825e701e8.ingenious_button.shadow:hover{box-shadow: 0 0 10px 0 #ffffff inset, 0 0 10px 4px #ffffff;}#ingenious_button_69f4825e701e8.ingenious_button.shadow_alt:hover{box-shadow: 0 0 40px 40px #ffffff inset, 0 0 10px 4px #ffffff;}&quot;' class='ingenious_button_wrapper render_styles aligncenter'><a href='https:\/\/todosoft.com.uy\/site\/contacto\/' id='ingenious_button_69f4825e701e8' class='ingenious_button large def_anim font-size: 24px;'>SOLICITAR ASESORAMIENTO&#x20;<i class='far fa-hand-pointer'><\/i><\/a><\/div>[\/vc_column][vc_column width=\u00bb1\/4&#8243;][\/vc_column][\/vc_row][vc_row bg_cws_repeat=\u00bbno-repeat\u00bb bg_cws_size=\u00bbcover\u00bb bg_image_position=\u00bbcenter_center\u00bb css=\u00bb.vc_custom_1717259956396{padding-bottom: 50px !important;}\u00bb][vc_column width=\u00bb1\/4&#8243;][\/vc_column][vc_column width=\u00bb1\/2&#8243;]<div data-style='&quot;#ingenious_button_69f4825e70248{\\n\\t\\t\\tcolor: #808080;\\n\\t\\t\\tbackground-color: #ffffff;\\n\\t\\t\\tborder-color: #ffffff;\\n\\t\\t}#ingenious_button_69f4825e70248 &gt; i{\\n\\t\\t\\tcolor: #808080;\\n\\t\\t}#ingenious_button_69f4825e70248.ingenious_button.swipe_left:before,\\n\\t\\t\\t#ingenious_button_69f4825e70248.ingenious_button.swipe_right:before,\\n\\t\\t\\t#ingenious_button_69f4825e70248.ingenious_button.swipe_top:before,\\n\\t\\t\\t#ingenious_button_69f4825e70248.ingenious_button.swipe_bot:before,\\t\\n\\t\\t\\t#ingenious_button_69f4825e70248.ingenious_button.smoosh:before,\\t\\t\\n\\t\\t\\t#ingenious_button_69f4825e70248.ingenious_button.smoosh:after,\\t\\n\\t\\t\\t#ingenious_button_69f4825e70248.ingenious_button.collision:before,\\t\\t\\n\\t\\t\\t#ingenious_button_69f4825e70248.ingenious_button.collision:after,\\t\\t\\n\\t\\t\\t#ingenious_button_69f4825e70248.ingenious_button.pos_aware span{background-color: #ffffff;}#ingenious_button_69f4825e70248.ingenious_button.swipe_diagonal:before{border-bottom-color: #ffffff;}#ingenious_button_69f4825e70248.ingenious_button.close_diagonal:before,\\n\\t\\t\\t#ingenious_button_69f4825e70248.ingenious_button.close_diagonal:after{border-bottom-color: #ffffff;border-top-color: #ffffff;}#ingenious_button_69f4825e70248.ingenious_button.slice:before{border-left-color: #ffffff;}#ingenious_button_69f4825e70248.ingenious_button.slice:after{border-right-color: #ffffff;}#ingenious_button_69f4825e70248.ingenious_button.shadow{box-shadow: 0 0 40px 40px #ffffff inset, 0 0 0 0 #ffffff;}#ingenious_button_69f4825e70248.ingenious_button.shadow_alt{box-shadow: 0 0 10px 0 #ffffff inset, 0 0 10px 4px #ffffff;}#ingenious_button_69f4825e70248:not(.none_anim):hover{\\n\\t\\t\\tcolor: #009de6;\\n\\t\\t\\tbackground-color: #ffffff;\\n\\t\\t\\tborder-color: #ffffff;\\t\\n\\t\\t}#ingenious_button_69f4825e70248:hover &gt; i{\\n\\t\\t\\tcolor: #009de6;\\n\\t\\t}#ingenious_button_69f4825e70248.ingenious_button.shadow:hover{box-shadow: 0 0 10px 0 #ffffff inset, 0 0 10px 4px #ffffff;}#ingenious_button_69f4825e70248.ingenious_button.shadow_alt:hover{box-shadow: 0 0 40px 40px #ffffff inset, 0 0 10px 4px #ffffff;}&quot;' class='ingenious_button_wrapper render_styles aligncenter'><a href='https:\/\/todosoft.com.uy\/site\/empresa\/#casos-exito' id='ingenious_button_69f4825e70248' class='ingenious_button small def_anim font-size: 18px;'>Ver m\u00e0s casos de \u00e8xito<\/a><\/div>[\/vc_column][vc_column width=\u00bb1\/4&#8243;][\/vc_column][\/vc_row]\n<\/div>","protected":false},"excerpt":{"rendered":"<p>[vc_row full_width=\u00bbstretch_row\u00bb content_placement=\u00bbmiddle\u00bb bg_cws_repeat=\u00bbno-repeat\u00bb bg_cws_size=\u00bbcontain\u00bb bg_image_position=\u00bbcenter_bottom\u00bb][vc_column][vc_row_inner][vc_column_inner][vc_column_text css=\u00bb.vc_custom_1722343210891{margin-top: 40px !important;}\u00bb] UPM revoluciona el control de mercader\u00eda y transporte implementando nuestra soluci\u00f3n de tecnolog\u00eda de RFID para la automatizaci\u00f3n de procesos. [\/vc_column_text][\/vc_column_inner][\/vc_row_inner][vc_video link=\u00bbhttps:\/\/youtu.be\/WQG6NYsOmnY\u00bb css=\u00bb\u00bb][\/vc_column][\/vc_row][vc_row bg_cws_size=\u00bbcontain\u00bb bg_image_position=\u00bbcenter_top\u00bb][vc_column][vc_column_text css=\u00bb\u00bb] EMPRESA UPM, la destacada empresa finlandesa especializada en la fabricaci\u00f3n de pulpa de celulosa, papel y madera, con importantes instalaciones [&hellip;]<\/p>\n","protected":false},"author":1,"featured_media":0,"parent":0,"menu_order":0,"comment_status":"closed","ping_status":"closed","template":"","meta":{"footnotes":""},"class_list":["post-7197","page","type-page","status-publish","hentry"],"_links":{"self":[{"href":"https:\/\/todosoft.com.uy\/site\/wp-json\/wp\/v2\/pages\/7197","targetHints":{"allow":["GET"]}}],"collection":[{"href":"https:\/\/todosoft.com.uy\/site\/wp-json\/wp\/v2\/pages"}],"about":[{"href":"https:\/\/todosoft.com.uy\/site\/wp-json\/wp\/v2\/types\/page"}],"author":[{"embeddable":true,"href":"https:\/\/todosoft.com.uy\/site\/wp-json\/wp\/v2\/users\/1"}],"replies":[{"embeddable":true,"href":"https:\/\/todosoft.com.uy\/site\/wp-json\/wp\/v2\/comments?post=7197"}],"version-history":[{"count":12,"href":"https:\/\/todosoft.com.uy\/site\/wp-json\/wp\/v2\/pages\/7197\/revisions"}],"predecessor-version":[{"id":7391,"href":"https:\/\/todosoft.com.uy\/site\/wp-json\/wp\/v2\/pages\/7197\/revisions\/7391"}],"wp:attachment":[{"href":"https:\/\/todosoft.com.uy\/site\/wp-json\/wp\/v2\/media?parent=7197"}],"curies":[{"name":"wp","href":"https:\/\/api.w.org\/{rel}","templated":true}]}}