{"id":7264,"date":"2024-07-31T02:15:51","date_gmt":"2024-07-31T02:15:51","guid":{"rendered":"https:\/\/todosoft.com.uy\/site\/?page_id=7264"},"modified":"2024-08-21T00:45:05","modified_gmt":"2024-08-21T00:45:05","slug":"intendencia-de-montevideo-casos-de-exito","status":"publish","type":"page","link":"https:\/\/todosoft.com.uy\/site\/intendencia-de-montevideo-casos-de-exito\/","title":{"rendered":"Intendencia de Montevideo &#8211; Casos de \u00c9xito"},"content":{"rendered":"<div class=\"wpb-content-wrapper\">[vc_row full_width=\u00bbstretch_row\u00bb content_placement=\u00bbmiddle\u00bb bg_cws_repeat=\u00bbno-repeat\u00bb bg_cws_size=\u00bbcontain\u00bb bg_image_position=\u00bbcenter_bottom\u00bb][vc_column][vc_row_inner][vc_column_inner][vc_column_text css=\u00bb.vc_custom_1722391633075{margin-top: 40px !important;}\u00bb]\n<p style=\"font-size: 26px; line-height: 1.4em;\"><strong>Intendencia de Montevideo mejor\u00f3 la seguridad y la trazabilidad de los ingresos a las instalaciones con el sistema de Control de Acceso de TodoSoft<\/strong><\/p>\n[\/vc_column_text][\/vc_column_inner][\/vc_row_inner][vc_video link=\u00bbhttps:\/\/youtu.be\/jJTSB5dPrNs\u00bb css=\u00bb\u00bb][\/vc_column][\/vc_row][vc_row bg_cws_size=\u00bbcontain\u00bb bg_image_position=\u00bbcenter_top\u00bb][vc_column][vc_column_text css=\u00bb\u00bb]\n<p style=\"font-size: 20px; line-height: 1.4em;\"><strong style=\"font-size: 24px; line-height: 1.64em;\"><span style=\"color: #05639d;\">OBJETIVO<\/span><br \/>\n<\/strong><\/p>\n<p>Ante la situaci\u00f3n sanitaria, la Intendencia de Montevideo implement\u00f3 un sistema de control de acceso basado en la lectura de c\u00f3digos QR, integrados con su sistema de reservas. Esta soluci\u00f3n a medida dise\u00f1ada por TodoSoft, permite recibir al p\u00fablico en la sede de la intendencia de manera organizada y segura.<\/p>\n<p>Cada persona que realiza tr\u00e1mites accede a los servicios bajo agenda, validando su c\u00f3digo QR. De esta manera, el sistema asegura que solo ingresen aquellas personas autorizadas, garantizando un control eficiente del acceso.<\/p>\n<p style=\"font-size: 20px; line-height: 1.4em;\"><strong style=\"font-size: 24px; line-height: 1.64em;\"><span style=\"color: #05639d;\">SOLUCI\u00d3N<\/span><br \/>\n<\/strong><\/p>\n<p>Se estableci\u00f3 un sistema de control de acceso eficiente para gestionar la presencia de personas no autorizadas en diversas \u00e1reas de la Intendencia, organizar los flujos de ingresos y conocer la permanencia de las personas dentro de la instituci\u00f3n.<\/p>\n<p>Adem\u00e1s, los datos recopilados por el sistema han permitido al equipo de Atenci\u00f3n a la Ciudadan\u00eda realizar evaluaciones sobre la calidad del servicio, brindando beneficios adicionales como:<\/p>\n<p>\u2705 Mejorar la gesti\u00f3n de atenci\u00f3n.<br \/>\n\u2705 Cuantificar el n\u00famero de personas que se encuentran dentro del edificio, necesario ante situaciones de emergencia, por ejemplo en casos de incendio.[\/vc_column_text][\/vc_column][\/vc_row][vc_row css=\u00bb.vc_custom_1722345010512{margin-top: -30px !important;}\u00bb][vc_column width=\u00bb1\/3&#8243;][vc_single_image image=\u00bb7265&#8243; img_size=\u00bbfull\u00bb alignment=\u00bbcenter\u00bb onclick=\u00bblink_image\u00bb css=\u00bb\u00bb][\/vc_column][vc_column width=\u00bb1\/3&#8243;][vc_single_image image=\u00bb7266&#8243; img_size=\u00bbfull\u00bb alignment=\u00bbcenter\u00bb onclick=\u00bblink_image\u00bb css=\u00bb\u00bb][\/vc_column][vc_column width=\u00bb1\/3&#8243;][vc_single_image image=\u00bb7267&#8243; img_size=\u00bbfull\u00bb alignment=\u00bbcenter\u00bb onclick=\u00bblink_image\u00bb css=\u00bb\u00bb][\/vc_column][\/vc_row][vc_row css=\u00bb.vc_custom_1722392048022{margin-top: -30px !important;}\u00bb][vc_column width=\u00bb1\/3&#8243;][vc_single_image image=\u00bb7268&#8243; img_size=\u00bbfull\u00bb alignment=\u00bbcenter\u00bb onclick=\u00bblink_image\u00bb css=\u00bb\u00bb][\/vc_column][vc_column width=\u00bb1\/3&#8243;][vc_single_image image=\u00bb7269&#8243; img_size=\u00bbfull\u00bb alignment=\u00bbcenter\u00bb onclick=\u00bblink_image\u00bb css=\u00bb\u00bb][\/vc_column][vc_column width=\u00bb1\/3&#8243;][vc_single_image image=\u00bb7270&#8243; img_size=\u00bbfull\u00bb alignment=\u00bbcenter\u00bb onclick=\u00bblink_image\u00bb css=\u00bb\u00bb][\/vc_column][\/vc_row][vc_row bg_cws_repeat=\u00bbno-repeat\u00bb bg_cws_size=\u00bbcover\u00bb bg_image_position=\u00bbcenter_center\u00bb css=\u00bb.vc_custom_1722345269634{padding-bottom: 10px !important;}\u00bb][vc_column width=\u00bb1\/4&#8243;][\/vc_column][vc_column width=\u00bb1\/2&#8243;]<div data-style='&quot;#ingenious_button_69f4823475a4e{\\n\\t\\t\\tcolor: #ffffff;\\n\\t\\t\\tbackground-color: #de813b;\\n\\t\\t\\tborder-color: rgba(0,157,230,0.01);\\n\\t\\t}#ingenious_button_69f4823475a4e &gt; i{\\n\\t\\t\\tcolor: #ffffff;\\n\\t\\t}#ingenious_button_69f4823475a4e.ingenious_button.swipe_left:before,\\n\\t\\t\\t#ingenious_button_69f4823475a4e.ingenious_button.swipe_right:before,\\n\\t\\t\\t#ingenious_button_69f4823475a4e.ingenious_button.swipe_top:before,\\n\\t\\t\\t#ingenious_button_69f4823475a4e.ingenious_button.swipe_bot:before,\\t\\n\\t\\t\\t#ingenious_button_69f4823475a4e.ingenious_button.smoosh:before,\\t\\t\\n\\t\\t\\t#ingenious_button_69f4823475a4e.ingenious_button.smoosh:after,\\t\\n\\t\\t\\t#ingenious_button_69f4823475a4e.ingenious_button.collision:before,\\t\\t\\n\\t\\t\\t#ingenious_button_69f4823475a4e.ingenious_button.collision:after,\\t\\t\\n\\t\\t\\t#ingenious_button_69f4823475a4e.ingenious_button.pos_aware span{background-color: #de813b;}#ingenious_button_69f4823475a4e.ingenious_button.swipe_diagonal:before{border-bottom-color: rgba(0,157,230,0.01);}#ingenious_button_69f4823475a4e.ingenious_button.close_diagonal:before,\\n\\t\\t\\t#ingenious_button_69f4823475a4e.ingenious_button.close_diagonal:after{border-bottom-color: rgba(0,157,230,0.01);border-top-color: rgba(0,157,230,0.01);}#ingenious_button_69f4823475a4e.ingenious_button.slice:before{border-left-color: rgba(0,157,230,0.01);}#ingenious_button_69f4823475a4e.ingenious_button.slice:after{border-right-color: rgba(0,157,230,0.01);}#ingenious_button_69f4823475a4e.ingenious_button.shadow{box-shadow: 0 0 40px 40px #de813b inset, 0 0 0 0 #de813b;}#ingenious_button_69f4823475a4e.ingenious_button.shadow_alt{box-shadow: 0 0 10px 0 #de813b inset, 0 0 10px 4px #de813b;}#ingenious_button_69f4823475a4e:not(.none_anim):hover{\\n\\t\\t\\tcolor: #de813b;\\n\\t\\t\\tbackground-color: #ffffff;\\n\\t\\t\\tborder-color: #de813b;\\t\\n\\t\\t}#ingenious_button_69f4823475a4e:hover &gt; i{\\n\\t\\t\\tcolor: #de813b;\\n\\t\\t}#ingenious_button_69f4823475a4e.ingenious_button.shadow:hover{box-shadow: 0 0 10px 0 #ffffff inset, 0 0 10px 4px #ffffff;}#ingenious_button_69f4823475a4e.ingenious_button.shadow_alt:hover{box-shadow: 0 0 40px 40px #ffffff inset, 0 0 10px 4px #ffffff;}&quot;' class='ingenious_button_wrapper render_styles aligncenter'><a href='https:\/\/todosoft.com.uy\/site\/contacto\/' id='ingenious_button_69f4823475a4e' class='ingenious_button large def_anim font-size: 24px;'>SOLICITAR ASESORAMIENTO&#x20;<i class='far fa-hand-pointer'><\/i><\/a><\/div>[\/vc_column][vc_column width=\u00bb1\/4&#8243;][\/vc_column][\/vc_row][vc_row bg_cws_repeat=\u00bbno-repeat\u00bb bg_cws_size=\u00bbcover\u00bb bg_image_position=\u00bbcenter_center\u00bb css=\u00bb.vc_custom_1717259956396{padding-bottom: 50px !important;}\u00bb][vc_column width=\u00bb1\/4&#8243;][\/vc_column][vc_column width=\u00bb1\/2&#8243;]<div data-style='&quot;#ingenious_button_69f4823475aaa{\\n\\t\\t\\tcolor: #808080;\\n\\t\\t\\tbackground-color: #ffffff;\\n\\t\\t\\tborder-color: #ffffff;\\n\\t\\t}#ingenious_button_69f4823475aaa &gt; i{\\n\\t\\t\\tcolor: #808080;\\n\\t\\t}#ingenious_button_69f4823475aaa.ingenious_button.swipe_left:before,\\n\\t\\t\\t#ingenious_button_69f4823475aaa.ingenious_button.swipe_right:before,\\n\\t\\t\\t#ingenious_button_69f4823475aaa.ingenious_button.swipe_top:before,\\n\\t\\t\\t#ingenious_button_69f4823475aaa.ingenious_button.swipe_bot:before,\\t\\n\\t\\t\\t#ingenious_button_69f4823475aaa.ingenious_button.smoosh:before,\\t\\t\\n\\t\\t\\t#ingenious_button_69f4823475aaa.ingenious_button.smoosh:after,\\t\\n\\t\\t\\t#ingenious_button_69f4823475aaa.ingenious_button.collision:before,\\t\\t\\n\\t\\t\\t#ingenious_button_69f4823475aaa.ingenious_button.collision:after,\\t\\t\\n\\t\\t\\t#ingenious_button_69f4823475aaa.ingenious_button.pos_aware span{background-color: #ffffff;}#ingenious_button_69f4823475aaa.ingenious_button.swipe_diagonal:before{border-bottom-color: #ffffff;}#ingenious_button_69f4823475aaa.ingenious_button.close_diagonal:before,\\n\\t\\t\\t#ingenious_button_69f4823475aaa.ingenious_button.close_diagonal:after{border-bottom-color: #ffffff;border-top-color: #ffffff;}#ingenious_button_69f4823475aaa.ingenious_button.slice:before{border-left-color: #ffffff;}#ingenious_button_69f4823475aaa.ingenious_button.slice:after{border-right-color: #ffffff;}#ingenious_button_69f4823475aaa.ingenious_button.shadow{box-shadow: 0 0 40px 40px #ffffff inset, 0 0 0 0 #ffffff;}#ingenious_button_69f4823475aaa.ingenious_button.shadow_alt{box-shadow: 0 0 10px 0 #ffffff inset, 0 0 10px 4px #ffffff;}#ingenious_button_69f4823475aaa:not(.none_anim):hover{\\n\\t\\t\\tcolor: #009de6;\\n\\t\\t\\tbackground-color: #ffffff;\\n\\t\\t\\tborder-color: #ffffff;\\t\\n\\t\\t}#ingenious_button_69f4823475aaa:hover &gt; i{\\n\\t\\t\\tcolor: #009de6;\\n\\t\\t}#ingenious_button_69f4823475aaa.ingenious_button.shadow:hover{box-shadow: 0 0 10px 0 #ffffff inset, 0 0 10px 4px #ffffff;}#ingenious_button_69f4823475aaa.ingenious_button.shadow_alt:hover{box-shadow: 0 0 40px 40px #ffffff inset, 0 0 10px 4px #ffffff;}&quot;' class='ingenious_button_wrapper render_styles aligncenter'><a href='https:\/\/todosoft.com.uy\/site\/empresa\/#casos-exito' id='ingenious_button_69f4823475aaa' class='ingenious_button small def_anim font-size: 18px;'>Ver m\u00e0s casos de \u00e8xito<\/a><\/div>[\/vc_column][vc_column width=\u00bb1\/4&#8243;][\/vc_column][\/vc_row]\n<\/div>","protected":false},"excerpt":{"rendered":"<p>[vc_row full_width=\u00bbstretch_row\u00bb content_placement=\u00bbmiddle\u00bb bg_cws_repeat=\u00bbno-repeat\u00bb bg_cws_size=\u00bbcontain\u00bb bg_image_position=\u00bbcenter_bottom\u00bb][vc_column][vc_row_inner][vc_column_inner][vc_column_text css=\u00bb.vc_custom_1722391633075{margin-top: 40px !important;}\u00bb] Intendencia de Montevideo mejor\u00f3 la seguridad y la trazabilidad de los ingresos a las instalaciones con el sistema de Control de Acceso de TodoSoft [\/vc_column_text][\/vc_column_inner][\/vc_row_inner][vc_video link=\u00bbhttps:\/\/youtu.be\/jJTSB5dPrNs\u00bb css=\u00bb\u00bb][\/vc_column][\/vc_row][vc_row bg_cws_size=\u00bbcontain\u00bb bg_image_position=\u00bbcenter_top\u00bb][vc_column][vc_column_text css=\u00bb\u00bb] OBJETIVO Ante la situaci\u00f3n sanitaria, la Intendencia de Montevideo implement\u00f3 un sistema de control de acceso [&hellip;]<\/p>\n","protected":false},"author":1,"featured_media":0,"parent":0,"menu_order":0,"comment_status":"closed","ping_status":"closed","template":"","meta":{"footnotes":""},"class_list":["post-7264","page","type-page","status-publish","hentry"],"_links":{"self":[{"href":"https:\/\/todosoft.com.uy\/site\/wp-json\/wp\/v2\/pages\/7264","targetHints":{"allow":["GET"]}}],"collection":[{"href":"https:\/\/todosoft.com.uy\/site\/wp-json\/wp\/v2\/pages"}],"about":[{"href":"https:\/\/todosoft.com.uy\/site\/wp-json\/wp\/v2\/types\/page"}],"author":[{"embeddable":true,"href":"https:\/\/todosoft.com.uy\/site\/wp-json\/wp\/v2\/users\/1"}],"replies":[{"embeddable":true,"href":"https:\/\/todosoft.com.uy\/site\/wp-json\/wp\/v2\/comments?post=7264"}],"version-history":[{"count":4,"href":"https:\/\/todosoft.com.uy\/site\/wp-json\/wp\/v2\/pages\/7264\/revisions"}],"predecessor-version":[{"id":7390,"href":"https:\/\/todosoft.com.uy\/site\/wp-json\/wp\/v2\/pages\/7264\/revisions\/7390"}],"wp:attachment":[{"href":"https:\/\/todosoft.com.uy\/site\/wp-json\/wp\/v2\/media?parent=7264"}],"curies":[{"name":"wp","href":"https:\/\/api.w.org\/{rel}","templated":true}]}}